 - 51. List the prime factors of b(a).
3, 179
Let h = 96 + -97. List the prime factors of (629 + h)*(35/14 - 2).
2, 157
List the prime factors of 120/(-36)*((-62517)/6 + 8).
5, 11, 631
Let h(a) = 3*a - 10*a - 18 - 6*a + a. Let y(s) = s + 1. Let f(x) = 2*h(x) + 30*y(x). List the prime factors of f(9).
2, 3
Suppose 31216 + 1916 = 3*w. What are the prime factors of w?
2, 11, 251
Let p = -68 + 62. Let n = 1 + p. List the prime factors of (n/15)/(-1)*27.
3
Suppose -6*p = 9 + 27. List the prime factors of 0/(36/p) - -565.
5, 113
Suppose 12*z + 3*z + 90 = 0. List the prime factors of 156/(5 + z)*(-21)/4.
3, 7, 13
Suppose -5414 - 16361 = -5*f + 2*p, -p = 3*f - 13076. Suppose -4*s + 734 = 3*i - f, -5*i = 2*s - 2563. List the prime factors of s.
3, 47
Suppose -2*b + 2*i + 1477 = 15, -3 = -i. Let z = b - 312. Suppose 97 = -5*x + z. List the prime factors of x.
5, 13
Let g be (-272)/(-102)*(2 + 19/(-2)). Let w = 411 - g. What are the prime factors of w?
431
What are the prime factors of (-3 - 22730/(-70))/((-10)/(-385))?
2, 11, 563
Let j(i) = -349*i - 9. Let x be j(-3). Let v = x - 659. What are the prime factors of v?
379
Suppose -815 = -5*m + 5*s, 3*m - 4*s - 446 - 41 = 0. Suppose -x = -i + 894, i - 161*x + m*x = 904. List the prime factors of i.
2, 7
Let y = -8 - -36. Suppose y = g + 3*g. What are the prime factors of (16/(-4) - -1) + g?
2
Let g = 63753 + -31764. What are the prime factors of g?
3, 10663
Let c(v) = 773*v - 765. List the prime factors of c(7).
2, 23, 101
Let o = 311 - -42. Let j = 49 + o. What are the prime factors of j?
2, 3, 67
Suppose 1897 = 23*p - 30*p. Let r = -157 - p. What are the prime factors of r?
2, 3, 19
Let f(j) be the second derivative of 2*j**3 + 203*j**2/2 + 6*j - 1. What are the prime factors of f(33)?
599
Let h(m) be the second derivative of -23/2*m**2 - 38*m + 0 + 11/2*m**3. What are the prime factors of h(5)?
2, 71
Let l(u) = 4*u**3 + 4*u**2 + 22*u + 18. Let h be l(13). Suppose 23*t - h = t. What are the prime factors of t?
2, 3, 37
List the prime factors of 344/(-4300) - (-94502)/25.
2, 3, 5, 7
Suppose -5 = -2*l + 25. Suppose 4*n = -n + l. Suppose n*q - 35 = 43. What are the prime factors of q?
2, 13
Suppose 2 = 2*a + 4, -5*u + 19035 = 5*a. Suppose 0 = o + 5*k - 952, 48*k - 43*k - u = -4*o. What are the prime factors of o?
2, 7, 17
Let z(p) = -155*p - 303. What are the prime factors of z(-17)?
2, 11, 53
Let m = -669 - -12664. List the prime factors of m.
5, 2399
List the prime factors of 770/(-330)*(-3611 + 2).
3, 7, 401
Suppose -15*w + 11 = -64. Suppose 0 = 3*i - 5*b - 2032, 0*b + 5*b = w*i - 3370. What are the prime factors of i?
3, 223
Let r = -10702 + 14933. What are the prime factors of r?
4231
Let s = -45 - -19. Let g = 30 + s. Suppose 3*k - 67 = -g*j + 29, 5*j - 143 = 2*k. What are the prime factors of j?
3
Let u = 125 - 123. Suppose -u*v + 64 = -328. What are the prime factors of v?
2, 7
Let c(w) be the first derivative of 26*w**3/3 + 12*w**2 - 62. What are the prime factors of c(-3)?
2, 3
Let n = -99 - -94. Let k(l) = -26*l - 37. List the prime factors of k(n).
3, 31
Let u = 232 + -227. Suppose 0 = 2*t + u*m - 633, -t - 1277 = -5*t + m. What are the prime factors of t?
11, 29
Let j be 5119/10 - ((-198)/60)/33. Suppose -6*i = -10*i + j. What are the prime factors of i?
2
Let k(m) = 97*m + 329. What are the prime factors of k(8)?
5, 13, 17
Suppose 12*u + 32*u = 1918532. List the prime factors of u.
7, 6229
Let x(h) = -2*h**3 - h**2 - 18*h - 66. What are the prime factors of x(-10)?
2, 19, 53
Let t = 8017 - 5808. What are the prime factors of t?
47
Let v(k) = -k - 8. Let q be v(3). What are the prime factors of q/(44/12) + (-696)/(-3)?
229
Suppose n = 11*n + 1230. Let m = 128 + n. Let o(w) = 7*w**2 - 11*w - 6. What are the prime factors of o(m)?
2, 3, 19
Let j = 225 + -134. List the prime factors of ((-78)/j)/(1/(-322)).
2, 3, 23
Let m(h) = -h**2 + 4*h + 12. Let t be m(6). Suppose 3*l + 2*l + 22080 = t. List the prime factors of l/(-54) - (-4)/18.
2, 41
Suppose -2*s + 1297 = 267. Let m = -4 + 6. What are the prime factors of s/((-15)/(-3)) + m/2?
2, 13
List the prime factors of 4798*((-6)/(-9))/(98/21 + -4).
2, 2399
Suppose -5 = -q, -n + 99*q - 100*q = -56189. List the prime factors of n.
2, 3, 2341
Let d(p) = p**3 + 5*p**2 - 12*p + 12. Let j be d(-7). What are the prime factors of j + 8/(-2) + 4 + 1024?
2, 7, 73
Let v = -476 + 773. Let n = 351 - v. What are the prime factors of n?
2, 3
Suppose 46735 = 5*l + 20*n - 15*n, -l = -n - 9357. What are the prime factors of l?
2, 7, 167
Suppose -39*y = -241983 - 21423. List the prime factors of y.
2, 11, 307
What are the prime factors of (16 + -34202)*1/(-2) - 0?
17093
Let z = 7 - 4. Suppose 2*f + 14 = -3*w, 37 - 11 = -z*w - 5*f. List the prime factors of 32/6*(17 + 3 + w).
2, 3
Let i be 4/(-18) + 585/81. Suppose -1005 - 4469 = -i*y. List the prime factors of y.
2, 17, 23
Let p = 47309 + -32949. What are the prime factors of p?
2, 5, 359
Let o = -15361 + 21633. What are the prime factors of o?
2, 7
Let p(r) = -5*r**2 + r - 639. Let h(c) = 4*c**2 - c + 640. Let o(t) = 6*h(t) + 5*p(t). What are the prime factors of o(0)?
3, 5, 43
Suppose 49*b - 54*b + 31634 = w, -w = 2*b - 12653. List the prime factors of b.
3, 19, 37
Suppose -8 = f + 36. What are the prime factors of 8/4 - 17*f?
2, 3, 5
Let g = 26677 - 4318. What are the prime factors of g?
3, 29, 257
Suppose -9*h - 19*h = 89432. Let y = 4590 + h. What are the prime factors of y?
2, 349
Suppose 140*a - 182 = 133*a. List the prime factors of -6 - 760/(-130) - (-17294)/a.
5, 7, 19
Let p(o) be the second derivative of o**5/20 - o**4/4 + 2*o**3/3 + 12*o**2 - 297*o. List the prime factors of p(12).
2, 3, 19
What are the prime factors of (19 - -3 - -4)*(3085 + -94)?
2, 3, 13, 997
Suppose 16152 = -6*q + 18*q. Suppose 7*z = q + 418. List the prime factors of z.
2, 3, 7
Let p(l) = 15*l**2 + 2*l + 3. Let i(q) = 14*q**2 + 3*q + 4. Let t = 27 + -31. Let x(c) = t*i(c) + 5*p(c). What are the prime factors of x(-1)?
2, 5
Let x = 40594 - 5018. List the prime factors of x.
2, 4447
Let p = 12740 + 5517. List the prime factors of p.
18257
Suppose 5*o - 14 = 3*o. Let d be 0*(8/(-2) + (o - 2)). Suppose d = 11*j - 88 - 55. List the prime factors of j.
13
Let c = 133 + -191. Suppose 0 = 5*l - 4*w - 299, -3*w = -5*l - 134 + 437. Let f = l - c. List the prime factors of f.
11
Let t be (548/36 - 8) + (-4)/18. Suppose -t*d - 4*d = -9845. What are the prime factors of d?
5, 179
Suppose 5*n - 6 = 3*w, 5*w - 8 = -3*n + 16. Suppose 3*v = -4*z + z + 585, -5*z + 967 = -w*v. Let r = -107 + z. What are the prime factors of r?
3, 29
Let x = -149 - -85. What are the prime factors of ((-173)/(-2))/(x/(-128))?
173
Let d(f) = 10*f**2 + 19. Let n be d(-7). Let y = n + -301. What are the prime factors of y?
2, 13
Let o = -58 + 62. Let v be -3 - o/((-16)/12). Let z(b) = -2*b**2 - b + 68. List the prime factors of z(v).
2, 17
Suppose n - 64210 = -4*u, 5*u - 10*n - 80243 = -8*n. What are the prime factors of u?
7, 2293
Let i = 30471 - -31967. List the prime factors of i.
2, 31219
Suppose -10325 + 9813 = -4*l. Let a(d) = -10*d**3 - 4*d**2 - 2*d - 2. Let v be a(-3). Let w = v - l. List the prime factors of w.
2, 5, 11
Let l be 18 + (-3 - 2) + 0. Suppose 0 = l*o - 0*o - 1235. What are the prime factors of o?
5, 19
Let t(v) = -2648*v - 1336. What are the prime factors of t(-6)?
2, 17, 107
Let z = -31326 + 59611. List the prime factors of z.
5, 5657
Let z be (1 - 1 - -6)*2/6. Let y be (79/z)/((-5)/10 - -1). Let f = 12 + y. What are the prime factors of f?
7, 13
Let o = 7 + -2. Suppose 51 = o*t - 9. What are the prime factors of t?
2, 3
Let v be -5 - (-17)/(17/2660). Suppose -30*x - v = -39*x. List the prime factors of x.
5, 59
List the prime factors of (-196952)/12*90/(-70).
2, 3, 3517
Suppose -4*y + 39 - 123 = 0. Let o be (-8)/6 + 476/y. List the prime factors of (-2)/3*1332/o.
37
Suppose 3*n - 1 = -j + 18, n = -4*j + 43. Suppose 3*i = 2*i. List the prime factors of (2 - i)*215/j.
43
List the prime factors of 170994/24 - 6/8.
2, 13, 137
Let k = 57591 - 29986. What are the prime factors of k?
5, 5521
Let m = 45 - 120. List the prime factors of (-5705)/m*3 + 1/(-5).
2, 3, 19
Suppose -3*r + 4*p + 48 = 5*p, -5*r + 60 = -5*p. Suppose -3*z = 0, -3*y + 3*z = -0*y - r. 